 45650.
115
Calculate the remainder when 88497354 is divided by 71774.
12
What is the remainder when 1202795 is divided by 400921?
32
Calculate the remainder when 206330 is divided by 20630.
30
Calculate the remainder when 21535759 is divided by 525262.
17
Calculate the remainder when 23863914 is divided by 680.
674
Calculate the remainder when 282482 is divided by 6073.
3124
Calculate the remainder when 547876 is divided by 1800.
676
Calculate the remainder when 1335822 is divided by 2818.
90
What is the remainder when 52687 is divided by 446?
59
Calculate the remainder when 29572 is divided by 29205.
367
What is the remainder when 2004145 is divided by 5152?
17
Calculate the remainder when 15530491 is divided by 391.
362
What is the remainder when 643447 is divided by 83?
31
Calculate the remainder when 40023 is divided by 8612.
5575
Calculate the remainder when 47777 is divided by 5969.
25
What is the remainder when 5189454 is divided by 5189448?
6
Calculate the remainder when 568581 is divided by 5216.
37
What is the remainder when 195461571 is divided by 124?
123
What is the remainder when 626409 is divided by 149?
13
What is the remainder when 5036115 is divided by 1678693?
36
What is the remainder when 24154772 is divided by 173?
166
What is the remainder when 269307 is divided by 89?
82
What is the remainder when 118454 is divided by 1453?
761
Calculate the remainder when 500110 is divided by 382.
72
Calculate the remainder when 353445 is divided by 32120.
125
Calculate the remainder when 9783 is divided by 2379.
267
Calculate the remainder when 2511145 is divided by 1255562.
21
Calculate the remainder when 97776727 is divided by 8.
7
Calculate the remainder when 11588471 is divided by 1053497.
4
What is the remainder when 10748 is divided by 1070?
48
Calculate the remainder when 44379924 is divided by 67.
62
What is the remainder when 24039068 is divided by 432?
428
Calculate the remainder when 376586 is divided by 75272.
226
What is the remainder when 1098900 is divided by 5283?
36
Calculate the remainder when 315263 is divided by 400.
63
Calculate the remainder when 3850082 is divided by 6460.
6382
What is the remainder when 7321981 is divided by 5497?
5474
Calculate the remainder when 376121588 is divided by 63.
59
Calculate the remainder when 18176319 is divided by 81.
0
What is the remainder when 2632811 is divided by 21232?
43
What is the remainder when 144938 is divided by 767?
742
What is the remainder when 147249 is divided by 2735?
2294
Calculate the remainder when 8204143 is divided by 16.
15
Calculate the remainder when 277996 is divided by 179.
9
What is the remainder when 381801 is divided by 1349?
34
What is the remainder when 490420 is divided by 236?
12
What is the remainder when 79540 is divided by 25961?
1657
What is the remainder when 1668280 is divided by 340?
240
What is the remainder when 9435828 is divided by 71?
70
What is the remainder when 133853388 is divided by 108?
24
What is the remainder when 1004084 is divided by 241?
78
Calculate the remainder when 146287 is divided by 836.
823
Calculate the remainder when 33989 is divided by 939.
185
What is the remainder when 1627995 is divided by 224?
187
Calculate the remainder when 79531887 is divided by 1699.
1697
What is the remainder when 657320574 is divided by 53?
52
What is the remainder when 13732748 is divided by 1488?
1484
Calculate the remainder when 10201539 is divided by 31.
28
Calculate the remainder when 4109376 is divided by 19.
18
Calculate the remainder when 831149 is divided by 8384.
1133
What is the remainder when 124266840 is divided by 62133419?
2
What is the remainder when 1892014 is divided by 189201?
4
What is the remainder when 105223 is divided by 1066?
755
What is the remainder when 978696 is divided by 1150?
46
What is the remainder when 2130792 is divided by 14?
6
Calculate the remainder when 2981276 is divided by 480.
476
Calculate the remainder when 3942 is divided by 2572.
1370
Calculate the remainder when 22507 is divided by 762.
409
Calculate the remainder when 1229497119 is divided by 42.
39
What is the remainder when 314026 is divided by 2361?
13
What is the remainder when 17626321 is divided by 11?
9
What is the remainder when 329053 is divided by 109493?
574
Calculate the remainder when 911517 is divided by 227870.
37
Calculate the remainder when 11902575 is divided by 100869.
33
Calculate the remainder when 185360928 is divided by 327.
324
Calculate the remainder when 821181723 is divided by 643.
636
What is the remainder when 183284 is divided by 56?
52
What is the remainder when 435293 is divided by 54386?
205
What is the remainder when 18789790 is divided by 757?
293
What is the remainder when 1476713 is divided by 7?
0
What is the remainder when 468297 is divided by 100?
97
Calculate the remainder when 7706511 is divided by 3008.
15
Calculate the remainder when 3715150 is divided by 1238381.
7
Calculate the remainder when 1611636 is divided by 1752.
1548
What is the remainder when 1012674 is divided by 3808?
3554
Calculate the remainder when 16982121 is divided by 633.
630
Calculate the remainder when 41913914 is divided by 8.
2
Calculate the remainder when 31455018 is divided by 262125.
18
Calculate the remainder when 107909 is divided by 107799.
110
Calculate the remainder when 12679424 is divided by 6339711.
2
Calculate the remainder when 23925 is divided by 785.
375
Calculate the remainder when 44573156 is divided by 594.
584
Calculate the remainder when 4774110 is divided by 46350.
60
What is the remainder when 203300 is divided by 3377?
680
What is the remainder when 3421687 is divided by 409?
402
What is the remainder when 24590 is divided by 11719?
1152
What is the remainder when 59416136 is divided by 29708068?
0
What is the remainder when 126598 is divided by 1173?
1087
Calculate the remainder when 485992 is divided by 77.
45
What is the remainder when 31338163 is divided by 505454?
15
Calculate the remainder when 1097061 is divided by 12320.
581
Calculate the remainder when 57452162 is divided by 27.
23
Calculate the remainder when 39602 is divided by 19727.
148
What is the remainder when 1098331 is divided by 156900?
31
What is the remainder when 27728370 is divided by 33?
21
Calculate the remainder when 771392 is divided by 48.
32
Calculate the remainder when 60092 is divided by 189.
179
What is the remainder when 47805299 is divided by 3007?
13
What is the remainder when 274998 is divided by 168?
150
What is the remainder when 5867877 is divided by 3656?
3653
Calculate the remainder when 89720 is divided by 41141.
7438
What is the remainder when 15534278 is divided by 3449?
3431
Calculate the remainder when 1903144 is divided by 3766.
1314
What is the remainder when 220272592 is divided by 2860683?
1
Calculate the remainder when 1549065 is divided by 3627.
336
What is the remainder when 2076286 is divided by 145?
31
Calculate the remainder when 5363923 is divided by 766243.
222
Calculate the remainder when 48787 is divided by 24102.
583
Calculate the remainder when 36083644 is divided by 476.
464
Calculate the remainder when 235287 is divided by 65.
52
What is the remainder when 84200 is divided by 28003?
191
What is the remainder when 21228 is divided by 3353?
1110
Calculate the remainder when 1627568 is divided by 406531.
1444
What is the remainder when 79706117 is divided by 1366?
17
Calculate the remainder when 8102078 is divided by 1556.
1542
What is the remainder when 2383 is divided by 2298?
85
Calculate the remainder when 8973552 is divided by 38.
4
Calculate the remainder when 159802 is divided by 31960.
2
Calculate the remainder when 55769 is divided by 53.
13
What is the remainder when 9314620 is divided by 65?
55
Calculate the remainder when 14159747 is divided by 114.
35
What is the remainder when 8816 is divided by 2103?
404
What is the remainder when 328566 is divided by 81967?
698
Calculate the remainder when 30962 is divided by 2525.
662
What is the remainder when 1077903 is divided by 142?
123
What is the remainder when 510256148 is divided by 72?
68
What is the remainder when 4494125 is divided by 29?
24
What is the remainder when 15618678 is divided by 5071?
5069
Calculate the remai